3 + k**3 + 4*k**2. Let m(r) = 3*i(r) - 2*p(r). What is m(-5)?
-4
Let g(t) = 35*t - 6. Let m be g(-4). Let s = m + 144. Let q(x) = -4*x**3 - x**2 - 3*x - 1. Give q(s).
33
Let f(k) = k**3 - 3*k**2 + k - 1. Suppose -15*a = -29*a + 28. Give f(a).
-3
Let n(a) = a**2 + 8*a + 7. Let h be -9 + 10/25*20/8. Give n(h).
7
Let k(m) = 2*m**2 - 5*m + 2. Let i(b) = -b**3 + 10*b**2 - 27*b + 11. Let o(t) = -2*i(t) + 11*k(t). Suppose 3*f = -5 - 1, 5*j - f = -8. Calculate o(j).
-6
Let o be -5 + 8/(56/63). Let q(d) = -2*d**2 - d - 4. Determine q(o).
-40
Let m be 1*13 - (-302 + 308). Suppose -8*y + 3*y = -10. Let c(q) = -3 - q + q**y - 1 - 6*q. Calculate c(m).
-4
Let l = -77 - -77. Let b be 2/(-7)*(-14 - l). Let p(f) = -3*f + 2. Determine p(b).
-10
Let w(r) = r**2 - 5*r + 5. Let t(c) = -17*c**2 - 8 - 6*c + 18*c**2 - 5*c. Let j be t(12). Suppose 0 = 9*g - j*g - 25. What is w(g)?
5
Let j(m) = 0*m + 4*m + 0*m**2 + m**2 + 1. Let i = 203 - 104. Let s = i + -102. What is j(s)?
-2
Let f(k) = -k**3 - 105 + 109 - 3*k + 8*k**2 + 2*k. Calculate f(8).
-4
Let b = 0 + -6. Let j(h) be the second derivative of 7*h**2 + 1/6*h**3 - h + 0. What is j(b)?
8
Let n(p) = p**2 + 5*p - 6. Suppose -5*m - 28 = -10*m - 4*b, 0 = -m + 4*b - 4. Suppose -5*a = -4*c - 48, -m*a + 6*a = -5*c - 27. Calculate n(c).
8
Let w(t) = t**3 + 4*t**2 - 2*t + 6. Let v(p) = 7*p**2 - 13*p + 27. Let s(u) = -6*u**2 + 13*u - 27. Let o(k) = 6*s(k) + 5*v(k). Let i be o(11). Calculate w(i).
-9
Let u(n) be the second derivative of -n**4/12 + n**3/3 - 3*n**2/2 + 3*n. Suppose f - 3 - 3 = -v, v + 2 = 3*f. Calculate u(f).
-3
Let b(t) = t**3 - 9*t**2 - t + 11. Let i be b(9). Let f be (-12)/(-20)*(3 + i). Let s(r) = 2 - 1 - r + 1 - f*r. What is s(3)?
-10
Let d(j) = 10*j - 2. Let k(z) = -10*z + 11. Let p be k(1). What is d(p)?
8
Let q(z) = 8*z**2 + 8*z + 5. Let i(l) = 5*l**2 + 4*l + 3. Let s(k) = 5*i(k) - 3*q(k). Determine s(3).
-3
Let m(r) = 4*r**2 + 7*r - 6. Let z(i) = 11*i**2 + 21*i - 18. Let l(x) = -8*m(x) + 3*z(x). What is l(4)?
38
Suppose 7*p - 12 = 9. Let u(d) = -1 - p + 6*d**2 + 7*d - 10*d**2 - 4*d**2 + d**3. Determine u(7).
-4
Let n(d) = d - 8. Suppose -10*a = -105 + 35. Determine n(a).
-1
Let s = 59 - 64. Let d(u) = 2*u**2 - 9*u + 3. Let a(w) = 5*w**2 - 19*w + 5. Let i(z) = 3*a(z) - 7*d(z). Determine i(s).
-11
Let b(m) = -m**3 + m**2 - 2*m + 2. Let f(x) = x - 27. Let o be f(-17). Let r = -42 - o. Calculate b(r).
-6
Let c(w) be the third derivative of 0*w - 1/3*w**4 - 1/120*w**5 + 2/3*w**3 + 3*w**2 + 0. Let b(k) be the first derivative of c(k). Calculate b(0).
-8
Let c(w) = w + 1. Let s(t) = 20*t + 30. Let g(j) = -30*c(j) + s(j). Let k(a) = -5*a + 37. Let u be k(-24). Let r = u - 156. What is g(r)?
-10
Let t = 50 - 44. Let r(c) = -6*c + 4 - 3*c**3 + 7*c**3 - 3*c**3 - 32*c**2 + 27*c**2. Determine r(t).
4
Let j(m) = 2*m**2 - 5*m + 4. Let y be ((-4)/(-8))/((-1)/(-6)). Calculate j(y).
7
Let h(a) be the second derivative of -a**4/12 - 5*a**3/6 + 7*a**2/2 + 4*a - 7. What is h(-5)?
7
Let c(r) = -7*r. Suppose 0 = 12*q - 15*q + 15. Suppose 0*i + 2 = 2*i - 2*v, 2*i + 12 = -q*v. Give c(i).
7
Let z(l) = 2*l**2 - 3*l - 1. Let g(x) = -x**3 - 4*x**2 + 4*x - 6. Let u be g(-5). Let b be 7 + ((-3)/u)/(-3). Suppose -5*y = -b*y + 3. Calculate z(y).
8
Let x = -49 - -53. Let l(i) = -x + 4 - i**2 + 5*i - 6 - 8*i. What is l(-5)?
-16
Let a(m) = 2*m - 1. Let p = -75 + 199. Let y = 119 - p. What is a(y)?
-11
Let u(r) = r. Let o(j) = 4*j - 20. Let x be o(14). Suppose -7*a + x = -4*a. Let l be 38/a - 3/18. What is u(l)?
3
Suppose 4*r - 7 = 3*r. Let c(g) = -g**2 + 3 + 6 - r*g - 4. Let f be c(-7). Let q(k) = -2*k + 5. Calculate q(f).
-5
Let d(u) = -2 - 4*u**2 - 49*u + 46*u + 5*u**2. Suppose -15 = -x - 11. Calculate d(x).
2
Let b be (-16 - -8) + 16 + (0 - 4). Let l(v) be the second derivative of -1/12*v**b - 6*v - 5/2*v**2 + 0 + 1/6*v**3. What is l(0)?
-5
Let v(w) = 0*w + 0*w + 1 + 25*w**2 - w - 28*w**2. Determine v(4).
-51
Let v(t) = t**2 + 5*t - 10. Let n be -13*(-4)/(-8) - (-3)/6. Calculate v(n).
-4
Let c(y) = y**3 + 7*y**2 + 5*y + 8. Let s be (13 + 11)*(-8)/32. Give c(s).
14
Let z be (-12)/(-54) + 4/(-18). Suppose s - 76 = -n, 7*n - 4*n + 4*s - 229 = z. Let k(h) = 7*h + 73*h**2 - 2 + 2 - n*h**2. Calculate k(5).
-15
Let f(g) = g - 19. Suppose 35*z = 3*r + 38*z - 33, 0 = 3*r + 4*z - 33. Give f(r).
-8
Let r be (15/9 - 3)*3. Let v(d) be the second derivative of d**4/12 + 3*d**3/2 + 5*d**2/2 - 219*d. Determine v(r).
-15
Suppose -4*j - a = 9, 0 = 5*j - 2*a - 2*a - 15. Let m(d) = 29*d**2 + 1. What is m(j)?
30
Let d be (-104)/(-20) - (-48)/60. Let g(b) = 5*b - 15. Calculate g(d).
15
Let c(u) be the third derivative of 11*u**5/60 + u**3/6 - 100*u**2. Determine c(1).
12
Let a(t) = t + 6. Let k(m) = -m**3 - 13*m**2 - 17*m - 62. Let w be k(-12). What is a(w)?
4
Let q(u) = 5*u - 3. Let a(o) = o. Let v(l) = 3*a(l) - q(l). Let s(m) = 24*m - 24. Let x be s(1). Let t be v(x). Let r(d) = 4*d - 4. Determine r(t).
8
Let p(s) = s**3 - 3*s**2 - 3*s + 2. Let o be (-6)/21*(1 + -8). Let i = 6 - o. Determine p(i).
6
Let b(g) = -g**3 - 4*g**2 + 13*g + 9. Let m be b(-6). Let p(k) = -3 + 4 - 7 - k + m. Calculate p(8).
-11
Let y(r) = -r**2 - r + 1. Let z(l) = 8*l**2 + 10*l - 6. Let x = 6 + -8. Let m(k) = k**3 + 2*k**2 + 4*k + 2. Let p be m(x). Let g(s) = p*y(s) - z(s). Give g(-3).
-6
Let w = 2935 - -347. Let v(m) = -m**3 - 3283*m + 2*m**3 + 7*m**2 - 1 + w*m. Give v(-7).
6
Let n = 3 + -8. Let m(f) be the third derivative of f**4/24 + f**3/6 + 34*f**2. Let o(j) = -2*j - 2. Let b(k) = 4*m(k) + 3*o(k). Calculate b(n).
8
Suppose -2*x + 54 = -5*z, -5*z + 65 = 5*x - 0*z. Let c(b) = 6 - 2*b - 6*b - x + 4*b. Calculate c(-8).
21
Let z be (12/(-10))/(2/(-5)). Let h(q) = 2 + z + q - 4 + q. Give h(4).
9
Suppose 0 = 5*l + l - 42. Let h(q) = -4*q + 7. Let u(x) = -9*x + 14. Let o(t) = l*h(t) - 3*u(t). Give o(8).
-1
Suppose 12 = 4*h - 5*l, 5*l - 2*l = -h + 3. Suppose -h*z + 0 + 12 = -5*b, 0 = -3*z - 3. Let u(v) = 89 + 84 - 169 + 2*v. Give u(b).
-2
Suppose -19*d = -7*d - 72. Let h(k) = -k**2 + 9*k - 8. What is h(d)?
10
Let w(f) = -f**3 + 5*f**2 - 5*f. Let r(j) = j**3 + 13*j**2 - 12*j + 32. Let l be r(-14). Give w(l).
-4
Suppose 28*v + 43 = 99. Let j(l) = 2*l**3 + 2*l**2 - l - 3. What is j(v)?
19
Let u(q) be the third derivative of -q**4/6 - 2*q**3/3 + 189*q**2. Calculate u(4).
-20
Let o(c) = -3*c + 27. Let l be o(13). Let x(v) = v**2 + 13*v + 4. Calculate x(l).
-8
Let z(p) = 3*p. Let g(j) be the third derivative of j**4/6 + 54*j**2. Let x be (-1 - 0)*-4 + 0. Let n(s) = x*g(s) - 5*z(s). What is n(-6)?
-6
Let i(h) = -7*h**3 + 4*h - 10. Let n(m) = m**3 - m + 2. Let k(u) = i(u) + 6*n(u). Determine k(2).
-10
Let a(n) = -n**3 + 2*n**2 + 7*n - 7. Let j be a(3). Let b(v) = -3*v - 1. Determine b(j).
-16
Let s(q) = q**3 + 16*q**2 + 67*q + 34. Let z be s(-8). Let b(t) = -4*t + 40. Calculate b(z).
0
Let j = -111 - -108. Let a(n) = n**2 - 3. Give a(j).
6
Let y(r) be the first derivative of -8*r**3/3 - r**2/2 + r + 23. Give y(1).
-8
Let r(d) = 4*d + 1. Let f = 7 + -7. Let p = 3 - f. Suppose z = -4, -p*z - 4 = -7*b + 3*b. Give r(b).
-7
Suppose -4*a = 3*l + 3, 257*a = l + 252*a - 18. Let p(q) = -10*q - 6. Let v(k) = 9*k + 5. Let g(c) = 3*p(c) + 4*v(c). What is g(l)?
20
Let z(w) = -2*w**2 - 2*w + 2. Let f(o) = o - 2*o + 4*o - 2*o. Let d be f(1). Let u be 4/d*24/(-48). Give z(u).
-2
Let k be (-12)/(4 + -8) + -1. Let s(x) = x - x + k + 9*x + 0*x. Give s(-2).
-16
Let t(m) = -2*m**2 - 4*m + 1. Suppose -34*c + 22*c = 36. Determine t(c).
-5
Let h be ((-12)/(-15))/(3/60). Let j = -15 + h. Let u be (0 - j) + (-10 - -9). Let v(r) = -r**3 - 2*r**2 + r - 1. Calculate v(u).
-3
Let r(x) = -x + 2. Let d be r(5). Let w(a) be the first derivative of -4*a + 1/2*a**2 + 2. Calculate w(d).
-7
Let c(x) = -x - 4 + 7*x - 2*x. Let y(g) = 8*g - 7. Let o(i) = 11*c(i) - 6*y(i). Calculate o(3).
-14
Let l = -146 + 156. Suppose l*d - 25 = 5. Let m(t) = t**3 - 2*t**2 - 2*t - 2. Determine m(d).
1
Let q(c) = c + c**3 - 4*c**2 - 5*c**3 + 1 + 3*c**3 - 3. Suppose -4*h - 1 = 5*v, h - 5*v + 8 = -11. Give q(h).
-6
Let y(u) = -2*u - 4. Let q(i) be the first derivative of -i**2/2 - 12*i - 2. Let s be q(-6). Determine y(s).
8
Let u(t) = -t**3 - 15*t**2 + 16*t + 4. Let w be u(-16). Suppose -w*q - 3*n + 19 + 1 = 0, q = n - 2. Let k(m) = -m**2 - 1. 